site?
True
Is 95717321 prime?
False
Is 499981211 a prime number?
True
Is 8138837827 prime?
True
Is 21789545399 a prime number?
True
Is 478667947 a prime number?
False
Is 878910103 composite?
False
Is 2133924781 a prime number?
True
Is 155722242787 prime?
False
Is 1965836867 composite?
True
Is 1382988307 prime?
False
Is 238932793 a composite number?
True
Is 2627307317 a composite number?
False
Is 536887103 prime?
False
Is 8185140809 a composite number?
True
Is 2493370189 prime?
False
Is 5407361 composite?
True
Is 280055651 a composite number?
False
Is 10050898309 prime?
False
Is 72362041 composite?
False
Is 1011599081 a prime number?
True
Is 2079104529 a composite number?
True
Is 15443779049 composite?
True
Is 754821299 composite?
True
Is 482561389 composite?
True
Is 2056441147 a prime number?
True
Is 321911869 composite?
True
Is 2229264571 a composite number?
True
Is 894763423 a composite number?
False
Is 89189539 a prime number?
True
Is 7034984383 a composite number?
True
Is 8565855581 prime?
True
Is 7813294717 composite?
False
Is 517742657 a composite number?
False
Is 3876080537 a composite number?
True
Is 7729769713 prime?
False
Is 10862797507 prime?
True
Is 289459447 prime?
False
Is 1552387423 composite?
False
Is 133233467843 a prime number?
False
Is 442121354 a composite number?
True
Is 88850353 a prime number?
True
Is 420478729 a composite number?
True
Is 10663488271 a composite number?
True
Is 7482756493 a prime number?
False
Is 390050173 a prime number?
True
Is 16016753497 composite?
False
Is 475306729 a composite number?
False
Is 408790070377 composite?
True
Is 7844251969 a prime number?
False
Is 49101930457 a composite number?
False
Is 1688464333 a composite number?
True
Is 117113065633 composite?
True
Is 232338835 composite?
True
Is 555808633 a composite number?
False
Is 236202541 a composite number?
False
Is 15965451829 prime?
False
Is 14211606517 a composite number?
True
Is 32366003051 composite?
False
Is 18237219197 composite?
False
Is 53178655399 a composite number?
False
Is 1735905331 a composite number?
True
Is 77352450809 a prime number?
False
Is 867524353 composite?
False
Is 93266175329 a prime number?
False
Is 1095379063 a prime number?
True
Is 2401167101 prime?
True
Is 8647026643 composite?
False
Is 1504183 prime?
False
Is 67762838501 a prime number?
False
Is 42777900167 a prime number?
True
Is 5402286062 a prime number?
False
Is 3809084905 a prime number?
False
Is 48071385811 prime?
True
Is 8056267439 prime?
False
Is 190602995563 composite?
False
Is 5013358117 composite?
False
Is 9230375353 a prime number?
True
Is 412481453 prime?
True
Is 4766397029 a prime number?
False
Is 20287563511 prime?
True
Is 23780083253 a prime number?
False
Is 1448647601 a composite number?
False
Is 133221317 a prime number?
True
Is 12512908003 a composite number?
False
Is 4333873757 composite?
True
Is 3452368903 a prime number?
False
Is 3086327161 composite?
False
Is 14224044022 a prime number?
False
Is 15911027167 a prime number?
False
Is 27985194553 composite?
False
Is 1731022477 prime?
True
Is 62128510387 prime?
True
Is 1079911123 a prime number?
True
Is 6973018837 prime?
False
Is 1191651949 composite?
False
Is 2203478161 composite?
True
Is 2566757041 a prime number?
False
Is 191889980773 a composite number?
False
Is 1518569839 prime?
True
Is 2806241349 prime?
False
Is 17167317259 prime?
True
Is 348122903 a prime number?
False
Is 224403005 a prime number?
False
Is 38225359559 a prime number?
False
Is 779555713 a prime number?
True
Is 647102369 a prime number?
False
Is 98961587287 composite?
False
Is 1736537009 composite?
True
Is 1433354302 prime?
False
Is 753928327 a composite number?
False
Is 1984260749 a composite number?
False
Is 40555603877 composite?
True
Is 330203011 a composite number?
True
Is 4107619099 a prime number?
False
Is 2368114819 a composite number?
True
Is 1835831671 a composite number?
True
Is 9949252039 prime?
False
Is 80406048631 a composite number?
True
Is 686914247 a prime number?
True
Is 1328870077 prime?
False
Is 806661677 composite?
False
Is 178376521 composite?
False
Is 932479417 a prime number?
True
Is 9580269 composite?
True
Is 8099639006 prime?
False
Is 192890250907 a composite number?
True
Is 4199748863 a prime number?
True
Is 368298781 a prime number?
False
Is 7216613947 prime?
True
Is 30535901561 prime?
False
Is 48989571601 a composite number?
True
Is 15120178163 composite?
True
Is 96651656791 prime?
True
Is 656167049 prime?
False
Is 8388067 prime?
False
Is 3171426026 composite?
True
Is 5691173219 a composite number?
False
Is 16821761119 a composite number?
False
Is 780284354 a composite number?
True
Is 381984763 a composite number?
False
Is 454433071 a prime number?
True
Is 250924453 a prime number?
False
Is 24599224159 composite?
False
Is 275445559 a composite number?
True
Is 8715934677 a composite number?
True
Is 314735483 prime?
False
Is 113559961531 prime?
True
Is 72907803367 prime?
False
Is 29762621167 a prime number?
False
Is 112016957 a prime number?
False
Is 24619419863 a prime number?
True
Is 173311835 prime?
False
Is 2967957157 composite?
True
Is 3478349053 a prime number?
True
Is 40389153109 composite?
True
Is 5475218813 a composite number?
True
Is 2375340391 prime?
True
Is 71460492931 a composite number?
False
Is 1288520659 a prime number?
True
Is 282775109 composite?
True
Is 122153269 a prime number?
False
Is 2131262687 composite?
False
Is 5644240509 a composite number?
True
Is 64296271279 a composite number?
False
Is 3116532063 a prime number?
False
Is 838042271 prime?
False
Is 282670044049 composite?
False
Is 32803780253 a composite number?
False
Is 5908996729 prime?
True
Is 236810970245 composite?
True
Is 181371117359 a composite number?
True
Is 2438710849 prime?
False
Is 17728268297 a composite number?
False
Is 209922641 a prime number?
False
Is 2038452727 a prime number?
True
Is 97205255293 prime?
True
Is 30304139681 prime?
True
Is 5978804863 prime?
False
Is 920846447 a composite number?
False
Is 21778819873 a composite number?
False
Is 4274479961 prime?
True
Is 2641785257 a prime number?
True
Is 5856188549 prime?
True
Is 2900794291 prime?
True
Is 2176488653 a prime number?
True
Is 11162783629 a prime number?
True
Is 591660473 a composite number?
False
Is 43404492133 prime?
True
Is 90413486113 prime?
True
Is 1536744023 composite?
False
Is 3617421221 a prime number?
True
Is 2986394243 composite?
True
Is 299431153 prime?
False
Is 91503120635 a prime number?
False
Is 1116068543 composite?
True
Is 2677528613 prime?
True
Is 72322399 composite?
True
Is 54922847379 a composite number?
True
Is 20866681151 prime?
False
Is 62155170061 composite?
False
Is 14851954343 prime?
True
Is 467237359 composite?
False
Is 20132050489 prime?
False
Is 134185903 prime?
True
Is 9797246413 a composite number?
True
Is 78472529 a composite number?
False
Is 16308459851 a prime number?
True
Is 1949274313 prime?
False
Is 264890348189 composite?
False
Is 827955827 composite?
False
Is 15417891169 a prime number?
True
Is 1474846931 prime?
False
Is 5670309 a prime number?
False
Is 2639794271 composite?
True
Is 16492214251 a composite number?
True
Is 71200759307 composite?
False
Is 10786687343 composite?
False
Is 24779279 a composite number?
True
Is 1493563427 a composite number?
False
Is 4628432447 a prime number?
False
Is 1042895213 composite?
False
Is 331867997 a composite number?
False
Is 3962029067 composite?
False
Is 1092777179 composite?
True
Is 3598746037 a prime number?
False
Is 328970071 prime?
False
Is 128382719 composite?
False
Is 4974121743 composite?
True
Is 2898778639 a composite number?
True
Is 438772339 prime?
False
Is 20866306457 a composite number?
True
Is 37828410913 composite?
True
Is 6482421917 a prime number?
True
Is 3867772327 composite?
False
Is 856392715 composite?
True
Is 6409013239 prime?
True
Is 37734396731 a composite number?
False
Is 14853477179 composite?
False
Is 739051279 composite?
False
Is 692040851 composite?
False
Is 4550307551 a composite number?
True
Is 9494228053 a prime number?
False
Is 72140063 a prime number?
False
Is 1734239401 a prime number?
True
Is 74795649301 prime?
True
Is 8466423089 prime?
True
Is 76230163 composite?
False
Is 972571681 a composite number?
True
Is 40001041